{"id":28,"date":"2018-01-20T20:37:50","date_gmt":"2018-01-20T20:37:50","guid":{"rendered":"http:\/\/sandomierka.pl\/?page_id=28"},"modified":"2025-08-12T08:04:29","modified_gmt":"2025-08-12T08:04:29","slug":"oferta","status":"publish","type":"page","link":"https:\/\/sandomierka.pl\/?page_id=28","title":{"rendered":"Oferta"},"content":{"rendered":"\n<hr>\n\n\n<p><a href=\"https:\/\/sandomierka.pl\/wp-content\/uploads\/2018\/01\/19510109_274660823012277_4427893047586005308_n.jpg\"><img loading=\"lazy\" decoding=\"async\" class=\"size-medium wp-image-29 alignleft\" src=\"https:\/\/sandomierka.pl\/wp-content\/uploads\/2018\/01\/19510109_274660823012277_4427893047586005308_n-300x225.jpg\" alt=\"\" width=\"300\" height=\"225\" srcset=\"https:\/\/sandomierka.pl\/wp-content\/uploads\/2018\/01\/19510109_274660823012277_4427893047586005308_n-300x225.jpg 300w, https:\/\/sandomierka.pl\/wp-content\/uploads\/2018\/01\/19510109_274660823012277_4427893047586005308_n-600x450.jpg 600w, https:\/\/sandomierka.pl\/wp-content\/uploads\/2018\/01\/19510109_274660823012277_4427893047586005308_n-768x576.jpg 768w, https:\/\/sandomierka.pl\/wp-content\/uploads\/2018\/01\/19510109_274660823012277_4427893047586005308_n-285x214.jpg 285w, https:\/\/sandomierka.pl\/wp-content\/uploads\/2018\/01\/19510109_274660823012277_4427893047586005308_n.jpg 960w\" sizes=\"auto, (max-width: 300px) 100vw, 300px\" \/><\/a><\/p>\n<\/p>\n<p><span style=\"color: #4a4a4a;\"><span style=\"font-family: Arial, Tahoma, Bitstream Vera Sans, sans-serif;\"><span style=\"font-size: small;\">Rejsy unikatow\u0105 \u0142odzi\u0105 historyczn\u0105 &#8222;Sandomierka&#8221;, to wyj\u0105tkowa atrakcja dla ka\u017cdego. W trakcie wycieczki, kt\u00f3ra trwa min. 1 godzin\u0119 dowiemy si\u0119 o relacjach jakie, przez wieki, \u0142\u0105czy\u0142y mieszka\u0144c\u00f3w Sandomierza i t\u0119 najdziksz\u0105 rzek\u0119 w Europie. Nie bez powodu najstarsze ryciny i malowid\u0142a przedstawiaj\u0105 miasto Sandomierz od strony wody. Z tej perspektywy jest najpi\u0119kniejsze. Na pok\u0142ad zabieramy do 12 os\u00f3b.<\/span><\/span><\/span><\/p>\n<p>Realizujemy te\u017c indywidualne zlecenia na plenery do fotografii \u015blubnych, \u015bniada\u0144, lunchy oraz &#8222;event\u00f3w specjalnych&#8221; na pla\u017cy, wyspie czy na p\u0142yn\u0105cym statku.&nbsp;<\/p>\n\n\n<hr>\n\n\n\n<figure class=\"wp-block-gallery has-nested-images columns-default is-cropped wp-block-gallery-1 is-layout-flex wp-block-gallery-is-layout-flex\">\n<figure class=\"wp-block-image size-large\"><img loading=\"lazy\" decoding=\"async\" width=\"760\" height=\"1024\" data-id=\"224\" src=\"https:\/\/sandomierka.pl\/wp-content\/uploads\/2019\/08\/IMAG0485-1-760x1024.jpg\" alt=\"\" class=\"wp-image-224\" srcset=\"https:\/\/sandomierka.pl\/wp-content\/uploads\/2019\/08\/IMAG0485-1-760x1024.jpg 760w, https:\/\/sandomierka.pl\/wp-content\/uploads\/2019\/08\/IMAG0485-1-600x808.jpg 600w, https:\/\/sandomierka.pl\/wp-content\/uploads\/2019\/08\/IMAG0485-1-223x300.jpg 223w, https:\/\/sandomierka.pl\/wp-content\/uploads\/2019\/08\/IMAG0485-1-768x1034.jpg 768w, https:\/\/sandomierka.pl\/wp-content\/uploads\/2019\/08\/IMAG0485-1-scaled.jpg 1901w\" sizes=\"auto, (max-width: 760px) 100vw, 760px\" \/><\/figure>\n\n\n\n<figure class=\"wp-block-image size-large\"><img loading=\"lazy\" decoding=\"async\" width=\"1024\" height=\"760\" data-id=\"225\" src=\"https:\/\/sandomierka.pl\/wp-content\/uploads\/2019\/08\/IMAG1201-1024x760.jpg\" alt=\"\" class=\"wp-image-225\" srcset=\"https:\/\/sandomierka.pl\/wp-content\/uploads\/2019\/08\/IMAG1201-1024x760.jpg 1024w, https:\/\/sandomierka.pl\/wp-content\/uploads\/2019\/08\/IMAG1201-600x445.jpg 600w, https:\/\/sandomierka.pl\/wp-content\/uploads\/2019\/08\/IMAG1201-300x223.jpg 300w, https:\/\/sandomierka.pl\/wp-content\/uploads\/2019\/08\/IMAG1201-768x570.jpg 768w\" sizes=\"auto, (max-width: 1024px) 100vw, 1024px\" \/><\/figure>\n\n\n\n<figure class=\"wp-block-image size-large\"><img loading=\"lazy\" decoding=\"async\" width=\"760\" height=\"1024\" data-id=\"226\" src=\"https:\/\/sandomierka.pl\/wp-content\/uploads\/2019\/08\/IMAG1208-760x1024.jpg\" alt=\"\" class=\"wp-image-226\" srcset=\"https:\/\/sandomierka.pl\/wp-content\/uploads\/2019\/08\/IMAG1208-760x1024.jpg 760w, https:\/\/sandomierka.pl\/wp-content\/uploads\/2019\/08\/IMAG1208-600x808.jpg 600w, https:\/\/sandomierka.pl\/wp-content\/uploads\/2019\/08\/IMAG1208-223x300.jpg 223w, https:\/\/sandomierka.pl\/wp-content\/uploads\/2019\/08\/IMAG1208-768x1034.jpg 768w, https:\/\/sandomierka.pl\/wp-content\/uploads\/2019\/08\/IMAG1208-scaled.jpg 1901w\" sizes=\"auto, (max-width: 760px) 100vw, 760px\" \/><\/figure>\n\n\n\n<figure class=\"wp-block-image size-large\"><img loading=\"lazy\" decoding=\"async\" width=\"1024\" height=\"760\" data-id=\"227\" src=\"https:\/\/sandomierka.pl\/wp-content\/uploads\/2019\/08\/IMAG1216-1024x760.jpg\" alt=\"\" class=\"wp-image-227\" srcset=\"https:\/\/sandomierka.pl\/wp-content\/uploads\/2019\/08\/IMAG1216-1024x760.jpg 1024w, https:\/\/sandomierka.pl\/wp-content\/uploads\/2019\/08\/IMAG1216-600x445.jpg 600w, https:\/\/sandomierka.pl\/wp-content\/uploads\/2019\/08\/IMAG1216-300x223.jpg 300w, https:\/\/sandomierka.pl\/wp-content\/uploads\/2019\/08\/IMAG1216-768x570.jpg 768w\" sizes=\"auto, (max-width: 1024px) 100vw, 1024px\" \/><\/figure>\n\n\n\n<figure class=\"wp-block-image size-large\"><img loading=\"lazy\" decoding=\"async\" width=\"760\" height=\"1024\" data-id=\"228\" src=\"https:\/\/sandomierka.pl\/wp-content\/uploads\/2019\/08\/IMAG1217-760x1024.jpg\" alt=\"\" class=\"wp-image-228\" srcset=\"https:\/\/sandomierka.pl\/wp-content\/uploads\/2019\/08\/IMAG1217-760x1024.jpg 760w, https:\/\/sandomierka.pl\/wp-content\/uploads\/2019\/08\/IMAG1217-600x808.jpg 600w, https:\/\/sandomierka.pl\/wp-content\/uploads\/2019\/08\/IMAG1217-223x300.jpg 223w, https:\/\/sandomierka.pl\/wp-content\/uploads\/2019\/08\/IMAG1217-768x1034.jpg 768w, https:\/\/sandomierka.pl\/wp-content\/uploads\/2019\/08\/IMAG1217-scaled.jpg 1901w\" sizes=\"auto, (max-width: 760px) 100vw, 760px\" \/><\/figure>\n\n\n\n<figure class=\"wp-block-image size-large\"><img loading=\"lazy\" decoding=\"async\" width=\"760\" height=\"1024\" data-id=\"229\" src=\"https:\/\/sandomierka.pl\/wp-content\/uploads\/2019\/08\/IMAG1222-760x1024.jpg\" alt=\"\" class=\"wp-image-229\" srcset=\"https:\/\/sandomierka.pl\/wp-content\/uploads\/2019\/08\/IMAG1222-760x1024.jpg 760w, https:\/\/sandomierka.pl\/wp-content\/uploads\/2019\/08\/IMAG1222-600x808.jpg 600w, https:\/\/sandomierka.pl\/wp-content\/uploads\/2019\/08\/IMAG1222-223x300.jpg 223w, https:\/\/sandomierka.pl\/wp-content\/uploads\/2019\/08\/IMAG1222-768x1034.jpg 768w, https:\/\/sandomierka.pl\/wp-content\/uploads\/2019\/08\/IMAG1222-scaled.jpg 1901w\" sizes=\"auto, (max-width: 760px) 100vw, 760px\" \/><\/figure>\n\n\n\n<figure class=\"wp-block-image size-large\"><img loading=\"lazy\" decoding=\"async\" width=\"760\" height=\"1024\" data-id=\"230\" src=\"https:\/\/sandomierka.pl\/wp-content\/uploads\/2019\/08\/IMAG1224-760x1024.jpg\" alt=\"\" class=\"wp-image-230\" srcset=\"https:\/\/sandomierka.pl\/wp-content\/uploads\/2019\/08\/IMAG1224-760x1024.jpg 760w, https:\/\/sandomierka.pl\/wp-content\/uploads\/2019\/08\/IMAG1224-600x808.jpg 600w, https:\/\/sandomierka.pl\/wp-content\/uploads\/2019\/08\/IMAG1224-223x300.jpg 223w, https:\/\/sandomierka.pl\/wp-content\/uploads\/2019\/08\/IMAG1224-768x1034.jpg 768w, https:\/\/sandomierka.pl\/wp-content\/uploads\/2019\/08\/IMAG1224-scaled.jpg 1901w\" sizes=\"auto, (max-width: 760px) 100vw, 760px\" \/><\/figure>\n\n\n\n<figure class=\"wp-block-image size-large\"><img loading=\"lazy\" decoding=\"async\" width=\"1024\" height=\"760\" data-id=\"231\" src=\"https:\/\/sandomierka.pl\/wp-content\/uploads\/2019\/08\/IMAG1225-1024x760.jpg\" alt=\"\" class=\"wp-image-231\" srcset=\"https:\/\/sandomierka.pl\/wp-content\/uploads\/2019\/08\/IMAG1225-1024x760.jpg 1024w, https:\/\/sandomierka.pl\/wp-content\/uploads\/2019\/08\/IMAG1225-600x445.jpg 600w, https:\/\/sandomierka.pl\/wp-content\/uploads\/2019\/08\/IMAG1225-300x223.jpg 300w, https:\/\/sandomierka.pl\/wp-content\/uploads\/2019\/08\/IMAG1225-768x570.jpg 768w\" sizes=\"auto, (max-width: 1024px) 100vw, 1024px\" \/><\/figure>\n\n\n\n<figure class=\"wp-block-image size-large\"><img loading=\"lazy\" decoding=\"async\" width=\"1024\" height=\"760\" data-id=\"232\" src=\"https:\/\/sandomierka.pl\/wp-content\/uploads\/2019\/08\/IMAG1228-1024x760.jpg\" alt=\"\" class=\"wp-image-232\" srcset=\"https:\/\/sandomierka.pl\/wp-content\/uploads\/2019\/08\/IMAG1228-1024x760.jpg 1024w, https:\/\/sandomierka.pl\/wp-content\/uploads\/2019\/08\/IMAG1228-600x445.jpg 600w, https:\/\/sandomierka.pl\/wp-content\/uploads\/2019\/08\/IMAG1228-300x223.jpg 300w, https:\/\/sandomierka.pl\/wp-content\/uploads\/2019\/08\/IMAG1228-768x570.jpg 768w\" sizes=\"auto, (max-width: 1024px) 100vw, 1024px\" \/><\/figure>\n<\/figure>\n\n\n\n<p><\/p>\n\n\n\n<p><strong>Podstawowe ceny bilet\u00f3w za godzinny rejs po rzece Wi\u015ble dla grup licz\u0105cych 4 osoby i wi\u0119cej.<\/strong><br><br>bilet na rejs trwaj\u0105cy ok 1 godz.- 40 z\u0142 (dzieci do lat 14), 45 z\u0142 (doro\u015bli)<br>Rezerwacja \u0142odzi na wy\u0142\u0105czno\u015b\u0107 &#8211; 350 z\u0142 (dni powszednie).<br>Rezerwacja \u0142odzi na wy\u0142\u0105czno\u015b\u0107 &#8211; 380 z\u0142 (weekend).<\/p>\n\n\n\n<p>Rejsy na wi\u0119ksz\u0105 odleg\u0142o\u015b\u0107, np. do Kazimierza Dolnego, &#8211; uzgadniane s\u0105 indywidualnie.<\/p>\n","protected":false},"excerpt":{"rendered":"<p>Rejsy unikatow\u0105 \u0142odzi\u0105 historyczn\u0105 &#8222;Sandomierka&#8221;, to wyj\u0105tkowa atrakcja dla ka\u017cdego. W trakcie wycieczki, kt\u00f3ra trwa min. 1 godzin\u0119 dowiemy si\u0119 o relacjach jakie, przez wieki, \u0142\u0105czy\u0142y mieszka\u0144c\u00f3w Sandomierza i t\u0119 najdziksz\u0105 rzek\u0119 w Europie. Nie bez powodu najstarsze ryciny i malowid\u0142a przedstawiaj\u0105 miasto Sandomierz od strony wody. Z tej perspektywy jest najpi\u0119kniejsze. Na pok\u0142ad zabieramy <a href=\"https:\/\/sandomierka.pl\/?page_id=28\" rel=\"nofollow\"><span class=\"sr-only\">Read more about Oferta<\/span>[&hellip;]<\/a><\/p>\n","protected":false},"author":1,"featured_media":0,"parent":0,"menu_order":0,"comment_status":"closed","ping_status":"closed","template":"","meta":{"_themeisle_gutenberg_block_has_review":false,"footnotes":""},"class_list":["post-28","page","type-page","status-publish","hentry"],"_links":{"self":[{"href":"https:\/\/sandomierka.pl\/index.php?rest_route=\/wp\/v2\/pages\/28","targetHints":{"allow":["GET"]}}],"collection":[{"href":"https:\/\/sandomierka.pl\/index.php?rest_route=\/wp\/v2\/pages"}],"about":[{"href":"https:\/\/sandomierka.pl\/index.php?rest_route=\/wp\/v2\/types\/page"}],"author":[{"embeddable":true,"href":"https:\/\/sandomierka.pl\/index.php?rest_route=\/wp\/v2\/users\/1"}],"replies":[{"embeddable":true,"href":"https:\/\/sandomierka.pl\/index.php?rest_route=%2Fwp%2Fv2%2Fcomments&post=28"}],"version-history":[{"count":17,"href":"https:\/\/sandomierka.pl\/index.php?rest_route=\/wp\/v2\/pages\/28\/revisions"}],"predecessor-version":[{"id":484,"href":"https:\/\/sandomierka.pl\/index.php?rest_route=\/wp\/v2\/pages\/28\/revisions\/484"}],"wp:attachment":[{"href":"https:\/\/sandomierka.pl\/index.php?rest_route=%2Fwp%2Fv2%2Fmedia&parent=28"}],"curies":[{"name":"wp","href":"https:\/\/api.w.org\/{rel}","templated":true}]}}